252*a. Give n(0).
-11
Let n = -172 - -252. Let h(s) = 84 - 4*s - n + 3*s - 2*s**2 - 7*s. Give h(-6).
-20
Let q(h) = 12*h + 3 - 6*h + 3*h - 20*h + 4. Calculate q(2).
-15
Let o(g) = g + 3. Let n(d) = d - 2. Let p be n(3). Let h be o(p). Let l(w) = -4*w**2 + 3*w + 6. Let x(k) = -k**2 + 1. Let q(t) = l(t) - 3*x(t). What is q(h)?
-1
Suppose -4*u - 12 + 44 = 0. Let f(c) be the second derivative of -c**3/6 + 2*c**2 + 2*c. Calculate f(u).
-4
Let c(h) be the first derivative of h**4 + h**3/3 + 3*h**2/2 + 3*h + 316. Calculate c(-1).
-3
Let a = 179 - 180. Let k(t) = 44*t**3 - 2*t**2 + 1. Calculate k(a).
-45
Let a(h) = h**3 - 2*h + 1. Let s = 25 + -29. Let i(t) = t**3 + 3*t**2 - 4*t - 3. Let n be i(s). Determine a(n).
-20
Let a(i) = 3*i**2 - 7*i - 2. Let n(h) = h + 2. Let d(v) = a(v) + n(v). What is d(5)?
45
Suppose -4*s + 4*h + 16 = 0, s + 2*s + 4*h = 5. Suppose -4 = s*t + 50. Let w = 12 + t. Let y(j) = -j + 3. Give y(w).
9
Let n(l) = -2*l**2 + 14*l - 11. Let d(y) = -y**2 + 5*y - 4. Suppose -4*z + 46 = 2*m, 0 = -z - 3*m - 7 + 21. Let q(o) = z*d(o) - 4*n(o). Determine q(1).
-4
Suppose -35*w + 34*w - 9 = 0. Let r(p) = -p**2 - 9*p + 9. What is r(w)?
9
Let z(y) = 6*y - 11. Let u(g) = -g + 1. Let b(w) = -34*u(w) - 6*z(w). Calculate b(17).
-2
Let i(w) be the third derivative of -4*w**2 + 7/24*w**4 + 0 - 1/12*w**5 + 0*w - 1/120*w**6 + 3/2*w**3. Determine i(-6).
3
Let k be ((-11 - 14)/(-25))/(2/2). Let m(s) = -35*s + 1. Calculate m(k).
-34
Let j be (-70)/455 + 54/13. Let n(v) be the third derivative of v**4/24 - 5*v**3/6 - 2*v**2. What is n(j)?
-1
Let z(b) = -b**3 - 8*b**2 - 5*b + 7. Let h(u) = -2*u**3 + 57*u**2 - 27*u - 35. Let v be h(28). Give z(v).
-7
Let f(i) be the first derivative of i**4/4 + 5*i**3/3 + 5*i**2/2 + 4*i + 82. Calculate f(-5).
-21
Let m(n) = -4*n**3 + n**2 - 4*n. Let o(l) be the third derivative of l**6/40 - l**5/60 + l**4/6 - l**3/6 - 8*l**2. Let b(z) = -2*m(z) - 3*o(z). Give b(2).
-9
Let b = 25 - 17. Let h = 8 - b. Let k(a) = -a**3 - a - 1. Calculate k(h).
-1
Let h(w) = -w - 4. Let x = -20 + 21. Let j be (-10)/x + -1 + 2. Let f be h(j). Let t(g) = -g**3 + 6*g**2 - 5*g + 7. What is t(f)?
7
Let s(j) be the third derivative of j**6/120 - j**5/4 + 11*j**4/24 + 11*j**3/2 - 90*j**2 - 4*j. What is s(14)?
-9
Let s(v) be the first derivative of v**4/4 - 5*v**3/3 + 3*v**2/2 - 8*v - 401. Calculate s(5).
7
Let b be (-2592)/(-756) + 3/(-7). Let o(z) = -2*z - 6. Determine o(b).
-12
Let g(s) be the first derivative of -8 + 7/2*s**2 + 0*s. Give g(-1).
-7
Let k be (-80)/32*-1*2. Let f(w) = 2*w - 2 + 0 - 2. Calculate f(k).
6
Let v(g) = 6*g - 143 + 61 - 5*g + 53. Give v(12).
-17
Let o be 3/(-4)*(-320)/60. Let p(h) = -9*h + 3. Determine p(o).
-33
Let n(k) = 3*k + 39. Suppose 12*a - 11*a + 3*g + 8 = 0, g = 3*a + 44. What is n(a)?
-3
Let z(s) = -s**3 + s**2 - s - 1. Let l be z(2). Let x(j) = 2*j + 2. Give x(l).
-12
Let t(g) = -g**2 - 9*g - 15. Suppose -3*x - 25 = -2*l + 6*l, x - 2*l = -5. Let v be t(x). Let i(u) = u**3 - 2*u**2 - 2*u - 1. Calculate i(v).
-2
Let b = 0 - -4. Let c = 7 - b. Let n(u) = -7*u**2 + u + 4. Let k(w) = 3*w**2. Let h(d) = 2*k(d) + n(d). What is h(c)?
-2
Let a(z) = -z**2 + 4*z + 1. Suppose 2 = 4*k - 10. Let d be k + (3 - -28*1). Let w = -32 + d. Calculate a(w).
5
Let m(l) = -3*l + 9. Suppose 1449 = 6*c + 1419. What is m(c)?
-6
Let h(z) = 16*z + 58. Let s(p) = -7*p - 26. Let w(o) = 4*h(o) + 9*s(o). Let n be (2/(-2))/(2/10). Give w(n).
-7
Let o(a) be the first derivative of a**3/3 - 9*a**2/2 - 12*a - 112. Give o(11).
10
Suppose 4 = 5*n - 6. Let u(b) = 0*b**2 + 9*b - 4*b**3 + 2 + 3*b**3 - 2*b + 5*b**n. Let o be (-33)/(-5) - ((-119)/35 + 4). What is u(o)?
8
Suppose -5*b = 3*f + 38, 4*f - 4*b + 4 = -4. Let p(l) = -l**3 - 5*l**2 + 10*l + 9. What is p(f)?
-15
Let s(f) = -2*f + 6. Let d(k) = 5*k**2 - 4*k - 3. Suppose -4 = 7*i - 3*i. Let h be d(i). What is s(h)?
-6
Let i(f) = 8 + 2*f - 11 + 0*f. Let t(g) = g**3 + 5*g**2 + 2*g - 2. Let d be t(-2). Give i(d).
9
Let s(l) = 7*l**3 - 2*l**2 + 1. Let r(g) = -g**2. Let o(v) = 2*r(v) - s(v). Let p = -204 - -203. What is o(p)?
6
Let b(h) = h + 1. Let g(p) = -6*p + 5. Let j(k) = -2*b(k) - g(k). Suppose 8 - 73 = -13*d. Determine j(d).
13
Let q(c) be the first derivative of -c**3/3 - 19*c**2/2 + 4*c - 726. Give q(-19).
4
Let n(l) be the second derivative of -5/2*l**2 - 1/2*l**3 + 1/12*l**4 + 7*l + 0. Calculate n(4).
-1
Let d(p) be the third derivative of -p**5/20 - p**4/6 + 2*p**3/3 - 72*p**2 - 2*p. Give d(-3).
-11
Suppose -117*r - 90 = -127*r. Let p(k) = 2*k**3 - 19*k**2 + 10*k - 2. What is p(r)?
7
Let y(q) = q**2 + q - 7. Let d be y(3). Let n(v) = v**3 - 5*v**2 + v - 2. Give n(d).
3
Let g(m) = 5 - 4 + m + 4*m**2 - m**3 - 2*m. Let q be ((-24)/(-5))/(90/75). Determine g(q).
-3
Let o(y) = 7*y - 3*y + 11*y - 1. Let k(u) = u**2 + 9*u + 11. Let g be k(-8). Let q be g - ((2 - 0) + 0). Determine o(q).
14
Let j(z) = -z - 1. Let i be (1 - (-6)/12)*4. Suppose 7 = i*v - 11. What is j(v)?
-4
Let s be (-45)/30 - 46/(-4). Let p(y) = 32 - 13 - s + y - 15. Give p(6).
0
Suppose 1 + 19 = 4*q. Let t(n) be the third derivative of 0*n + 1/30*n**5 - 1/3*n**3 + 0 - 7/24*n**4 + 3*n**2. Determine t(q).
13
Let a(d) = 3*d - 1. Let v(z) = -23*z + 7. Let s(g) = -21*a(g) - 3*v(g). Calculate s(-3).
-18
Suppose -5*j - 19 = -6*j + 5*m, 0 = 5*j - 5*m - 55. Let u(x) = -x**2 + 10*x - 12. Calculate u(j).
-3
Suppose -4*o - 6*o = 3*o. Let v(b) be the third derivative of 3*b**2 + o + 0*b + 5/6*b**3 + 1/24*b**4. Calculate v(0).
5
Let n(s) = -3*s**3 - s**2 + 5*s - 4. Let b(p) = -p - p**3 - 9 + 2*p**3 + 10 + 0*p**3. Let u(y) = -5*b(y) - n(y). Determine u(2).
-13
Suppose 4*r - 3*u = 69, 15 = 3*r + 2*u - 41. Let q = r - 18. Suppose -5*t + 25 = 4*m, -6*m + m + 25 = q. Let i(w) = 5*w - 1. Determine i(t).
4
Let r(a) = -7*a**2 + 39*a + 11. Let w be r(6). Let b(j) = 3*j + 16. Calculate b(w).
-5
Let o be ((-8)/((-160)/28))/((-1)/(-5)). Let w(m) = m. Give w(o).
7
Let o(z) = 4*z + 39 - 3*z - 3*z - 6 + 7. Give o(25).
-10
Suppose -2*s = 3*s - 10. Let i(d) = 4 + d**3 - 8*d + 0 + 16*d**s - 23*d**2. Let n(x) = 8*x - 64. Let a be n(9). Calculate i(a).
4
Let d be 16/10 - (-4)/10. Let z = 114 + -106. Let w(m) = -m**2 - m - 9 + 7 - 6*m + z*m. What is w(d)?
-4
Let l(b) = -4*b + 2*b**3 + 2*b**2 - 94 - 5*b**2 + 2*b + 91. Calculate l(3).
18
Let f(k) = 1. Let v(l) = -9*l**2 - l + 4. Let c(m) = -3*f(m) + v(m). Suppose 33*g = 45*g - 12. What is c(g)?
-9
Let k(g) = -4*g**2 - 3*g - 3. Let i(b) = b**3 + 12*b**2 + 34*b + 7. Let h be i(-8). Let m(p) = -p**3 - 8*p**2 + 5*p - 38. Let j be m(h). Calculate k(j).
-13
Let n(u) = -u - 2. Let c(v) = -v**3 - 6*v**2 - 8*v - 6. Let w be c(-2). Give n(w).
4
Let j(y) = 199 - 399 + 201 - y**2 - y. What is j(1)?
-1
Suppose 8 = w + 4*t, 5*w - 2*t + 4 = 2*w. Let q(g) be the third derivative of w*g - 7/24*g**4 + 1/60*g**5 + 0 + 7/6*g**3 - g**2. What is q(6)?
1
Let t(y) = y**2 + 11*y + 5. Suppose -132*s = -139*s - 70. What is t(s)?
-5
Let l(y) = -y**3 + 6*y**2 - 3. Let b be l(3). Let q(g) = -14 - g + b - 12. Calculate q(-7).
5
Let t(r) be the first derivative of -1/2*r**2 + 1/6*r**3 + 0*r + 1/24*r**4 - 3. Let z(y) be the second derivative of t(y). What is z(5)?
6
Let x be (28/70)/((-1)/5). Let q(s) = -1 + 3 + 3*s + 0 + 4*s**2. Calculate q(x).
12
Let m(t) = -4*t**2 - 4*t - 2. Let g(n) = 24*n + 167. Let x be g(-7). What is m(x)?
-2
Let y = 36 - 32. Suppose y*n = n + 6. Let c(w) = -w**2 - 2*w + 3. Determine c(n).
-5
Let f(q) be the third derivative of -q**6/120 + q**5/12 - 5*q**4/24 - 79*q**2. Let u be 1 + -1 - 8/(-2). Calculate f(u).
-4
Suppose 3*g + 3*z = 5*z + 165, -5*z - 15 = 0. Let m = 59 - g. Let j(i) = i - 2. Determine j(m).
4
Let i(p) = 6*p**2 + 1. Let u(w) = w**2 + 9*w + 4. Let k be u(-6). Let q = k + 16. Suppose 0 = -0*n - 4*n + 3*x + 10, -q*x = -3*n + 7. Give i(n).
7
Let d(v) = -2*v + 5. Suppose 3*j - 3*m = -0*m + 18, -4*m = -j + 15. Give d(j).
-1
Let w(y) = 2*y**3 + y + 1. Let i(g) = 20 - 15 - 36 - 2*g. Let s be i(-15). Give w(s).
-2
Let p(y) = 23*y - 183. Let i(x) = 34*x - 274. Let g(n) = -5*i(n) + 8*p(n). Let m be g(7). Let v(w) = -5 - 9*w + 10 + w**2 + 3*w. Determine v(m).
-3
Let n(t) = t**2 + 7*t + 10. Let x be n(-5). Suppose x = u + p + 2, 0 = -3*u + 2*p - 2 + 1. Let c(f) = -17*f - 1. Determine c(u).
16
Let h(m) = -m - 6*m + 1 + 12 